tors of u.
2
Suppose -t + 21 = -402. Suppose -4*l = 5*l - t. What are the prime factors of l?
47
Let d(a) = -4 - 8 - 4 + 3*a**2 - a**3 + 21*a + 12*a**2. List the prime factors of d(16).
2
Suppose 4*m = 5*d, -4*m + 7*d = 5*d. Suppose -j - f + 63 = m, -4*j + 3*f + 201 = -j. What are the prime factors of j?
5, 13
What are the prime factors of (0 + 2)/(42/9534)?
2, 227
Suppose -5*y = -h + 215, 0 = 2*h + 5*y - 300 - 160. List the prime factors of h.
3, 5
Let u(t) = -100*t - 82*t + 11*t. What are the prime factors of u(-1)?
3, 19
Let k(g) = -58*g**2 + 3*g - 1. Let u(q) = q. Let o(p) = k(p) - 3*u(p). Let f be o(1). Let r = f + 99. What are the prime factors of r?
2, 5
Suppose -4*l + 4*c + 12 = 0, -4*l - 15 = -2*c + 7*c. Suppose -r - 4 + 25 = l. List the prime factors of r.
3, 7
Let h(x) = x**2 - 6*x - 9. Let i be h(-5). Let a = i - -39. What are the prime factors of a?
5, 17
Let u(f) be the third derivative of 1/12*f**4 + 0 + 2/3*f**3 + 0*f - 4*f**2. List the prime factors of u(4).
2, 3
Suppose 20273 + 89779 = 54*j. What are the prime factors of j?
2, 1019
Let z = 8 - 14. Let d(p) = p**2 + 6*p + 5. Let w be d(z). Suppose -4*h + 132 = w*q, -3*h + 53 = -2*q - 46. List the prime factors of h.
3, 11
Let s(w) = -18*w + 0*w**2 - 17 + 3*w - w**2. Let l be s(-13). What are the prime factors of (2 + 66)*l/12?
3, 17
Let k(h) = -h**3 - 3*h**2 + 4*h - 7. Suppose 4 = -4*o - 0. Let n = -6 - o. What are the prime factors of k(n)?
23
Suppose -2*x = -2*t - 334, -5*x - 8*t = -3*t - 835. Suppose -2*w = -41 + x. Let i = w - -91. What are the prime factors of i?
2, 7
Let t be -3*3*(-8)/18. Let w = 6 - t. What are the prime factors of (-52)/(-2) + (w - 2)?
2, 13
Let k = -360 + 2254. What are the prime factors of k?
2, 947
Let v(c) = 2*c**2 + 4*c - 11. Let h be v(-5). List the prime factors of -20*h/6*-3.
2, 5, 19
Let v = -307 - -419. What are the prime factors of v?
2, 7
Let r(t) = -16*t + 9. Let u be r(-3). Let j = u + -20. List the prime factors of j.
37
Suppose -3*u + 977 = 5*c, 5*u = 3*u + c + 673. Suppose 4*j = -3*h + 764, 4*h + u + 652 = 5*j. What are the prime factors of j?
2, 97
What are the prime factors of (1928/16)/(10/80)?
2, 241
Suppose -144*n = -40*n - 193128. List the prime factors of n.
3, 619
Suppose 7*d - 3605 - 19789 = 0. What are the prime factors of d?
2, 3, 557
List the prime factors of 0 + 7 - (-145 + -2972).
2, 11, 71
Let g = 1804 - 1021. List the prime factors of g.
3, 29
Suppose -5*j = 4*u - 15, -2*u + 0*j + j + 11 = 0. Let y = 141 + -78. Suppose 0 = u*c - 2*c - y. List the prime factors of c.
3, 7
Let d = -22 - -24. Suppose 0 = c + d*z - 139, 66 = c + 4*z - 63. List the prime factors of c.
149
Suppose 0 = -40*y + 32*y + 11392. What are the prime factors of y?
2, 89
Let m(k) = 189*k**3 + 5*k + 10*k**2 - 96*k**3 + 12 - 92*k**3 - 2*k. List the prime factors of m(-6).
2, 3, 23
Suppose -4*j - 2*m + 2139 = -m, -j - 2*m = -540. List the prime factors of j.
2, 3, 89
Let k(b) = b**3 - 12*b**2 + 27*b - 75. What are the prime factors of k(15)?
3, 5, 67
Let x(a) = a**3 - 2*a**2 - 7*a - 1. Suppose -3*t + 5*t - h = 11, -7 = -t + h. What are the prime factors of x(t)?
3
Let z(k) = -k**2 + 9*k - 5. Let b be z(8). Suppose -2*f - 19 = -g, 0 = -g - b*f - 2 - 4. What are the prime factors of g?
3
Suppose 2*x + 2 = 0, -x - 3*x = -g + 8. Suppose -i = g*i + 100. Let h = i - -40. What are the prime factors of h?
2, 5
Suppose 1895 = a - x, 9640 - 180 = 5*a - 2*x. List the prime factors of a.
2, 3, 5, 7
Let a(b) = 70*b**2 - b + 3. List the prime factors of a(3).
2, 3, 5, 7
Let m(r) = 121*r**3 + 2*r**2 + r - 1. Suppose 2 = 4*h - l, 5*h - l = 3*h. What are the prime factors of m(h)?
3, 41
Suppose -2*i + 4*f + 20 = 0, 4 = 3*f + 10. List the prime factors of 2145/26*4/i.
5, 11
Suppose -28*t + 8091 = t. What are the prime factors of t?
3, 31
Let q(o) = -9*o - 14 + 0*o**2 + 0*o**2 - o**2. Let t = -595 + 589. What are the prime factors of q(t)?
2
Suppose 15*k = 2*h + 17*k - 2714, 5*h + 4*k - 6780 = 0. List the prime factors of h.
2, 13
Let n = -8 - -13. Suppose -2*h = -4*m - 76, 41 = -0*m - m - n*h. What are the prime factors of (36/m)/(6/(-21))?
2, 3
Suppose -5*m = 2*m - 7. Let f be 19 + m + -1 + -1. List the prime factors of 6/(-36) - (-1065)/f.
59
Suppose 1569 = 31*d - 28*d. What are the prime factors of d?
523
Let z be (1 - 2)/((91/(-14))/13). List the prime factors of (-1)/((-2260)/1128 + z).
2, 3, 47
Suppose 2*p + w - 219 = -0*w, -4*p + 418 = -2*w. Suppose -2*x = 3*x - 4*z - p, 4*x = -z + 94. List the prime factors of x.
23
Let i = -9 - 3. Let l be 15*(-4)/i*1. Suppose -5*m + l + 45 = 0. What are the prime factors of m?
2, 5
Let v(j) = 73*j**2 + 3*j - 3. Let q = -113 - -114. List the prime factors of v(q).
73
Let o be (-2)/3 - (-6)/9. Suppose o = 10*c - 5*c - 285. List the prime factors of c.
3, 19
List the prime factors of 537 + 5*(1 - 5)/(-4).
2, 271
Suppose 4*g - 3447 = -1011. List the prime factors of g.
3, 7, 29
Suppose 10 = -3*o - 0*d + 2*d, 2*o - 2*d = -6. Let m = 1 - o. Suppose 0 = 4*j - m - 75. List the prime factors of j.
2, 5
Let i = 2824 - 1455. List the prime factors of i.
37
Suppose -2*k + 4 + 6 = 0. Suppose k*q = 61 + 54. What are the prime factors of q?
23
Suppose 2*u + 9 = 7. What are the prime factors of (-2451)/(-95) + u/(-5)?
2, 13
Let m(i) = i**2 + 8*i + 6. Let v be m(-6). Suppose -2*q - 6*q = -1136. What are the prime factors of v/9 - q/(-6)?
23
Let x = 301 - 181. Suppose -34 = -5*q - 5*y + 261, 2*q - x = -4*y. List the prime factors of q.
2, 29
Let p(o) = o**2 - 3*o - 12. Let m be p(5). Let t(s) = -14*s**3 + 4*s**2 - 4*s - 4. What are the prime factors of t(m)?
2, 3, 11
Suppose -g - 10 = -6*g. Let y(v) = -v**3 - 2*v**2 - v + 2. Let l be y(-2). Suppose g*q = -l*q + 264. What are the prime factors of q?
2, 11
Let s be (-11 - -6)*1*-5. Suppose 2*o + 3*o - s = 0. What are the prime factors of -3 + (-5)/(o/(-39))?
2, 3
Suppose 54 - 20 = a. Let s = a - 22. Suppose s = 5*k - 48. List the prime factors of k.
2, 3
List the prime factors of 3/(-5) + (-38714)/(-65).
5, 7, 17
Suppose -2*c + 920 = 164. What are the prime factors of c?
2, 3, 7
Suppose 5*p - 5 = 3*s, -2*p + 3*s = 1 - 12. What are the prime factors of -1 - p - (8 + 310/(-5))?
5, 11
List the prime factors of (2*-43 - -2)/(4/(-32)).
2, 3, 7
Let t(s) = 61*s**2 - 5*s + 6. Let m be t(4). Suppose -2*o + 1276 = 2*o + 4*w, -4*w = 3*o - m. What are the prime factors of o?
2, 157
Suppose -598 = 6*p - 76. Let b = p - -98. List the prime factors of b.
11
What are the prime factors of (-11 + 196/8)*20/6?
3, 5
Suppose 2*l - 4482 = -m, -5*m + 4524 = 5*l - 6676. List the prime factors of l.
2, 19, 59
Let y = -984 + 2196. What are the prime factors of y?
2, 3, 101
What are the prime factors of (1043/3)/(1 + 6/(-9))?
7, 149
Let h(v) = v**3 + 7*v**2 - 7*v + 10. Let m be h(-8). Suppose 5*s = 22 - m. Suppose -s*c + 266 = 2*o, 12 = -5*o + 37. What are the prime factors of c?
2
Let r(b) be the third derivative of -1/30*b**5 + 1/3*b**3 - 1/120*b**6 - 4*b**2 + 0*b - 1/12*b**4 + 0. What are the prime factors of r(-2)?
2, 3
Let v(r) = -2*r + 6 - 17 - 7. List the prime factors of v(-10).
2
Let d(t) = 27*t**2 - 49*t + 35. Let h(m) = 5*m**2 - 10*m + 7. Let n(i) = 2*d(i) - 11*h(i). List the prime factors of n(5).
2, 7
List the prime factors of (-3 - (-3476)/8)/(23/46).
863
Suppose -17*k + 12*k - 35 = 0. Let c be (-44)/(-77) + (-66)/k. What are the prime factors of 194/18 - c/(-45)?
11
Let s be 6/(-4)*(-40)/12. Suppose -4*p = -3*d - 52, s*p - 44 = p + d. List the prime factors of p.
2, 5
What are the prime factors of 3*15/(-180) + (-1857)/(-4)?
2, 29
Suppose 2*y - v = -y + 115, -4*y + 164 = -4*v. Suppose -4*h - 11 = y. What are the prime factors of h/(-5)*5/2?
2, 3
Let n be 238/(-6) + 8/(-24). Let u = 68 + n. List the prime factors of u.
2, 7
Let f = -12 - 8. Let w = f + 38. List the prime factors of (-36)/w + (-110)/(-2).
53
Let h be (4/6)/(5/(-165)). Let c = 10 - h. Suppose 4*d = c + 60. What are the prime factors of d?
23
Let i(v) be the second derivative of 17*v**3/6 - 5*v**2 - 15*v. List the prime factors of i(7).
109
Let g(l) = -14*l + 16. Let h be g(2). Let r(y) be the first derivative of y**4/4 + 4*y**3 - 5*y**2/2 - 23*y - 3. List the prime factors of r(h).
37
Suppose 20 = -7*q + 2533. List the prime factors of q.
35